divisor of 26 and 44018.
26
What is the greatest common factor of 297 and 11?
11
What is the greatest common factor of 9 and 477?
9
What is the greatest common divisor of 3551 and 134?
67
Calculate the greatest common divisor of 288 and 243.
9
What is the greatest common divisor of 133 and 245?
7
Calculate the greatest common factor of 5955 and 6.
3
What is the highest common factor of 873 and 388?
97
What is the greatest common factor of 209 and 38?
19
Calculate the highest common factor of 4203 and 18.
9
Calculate the greatest common divisor of 722 and 114.
38
Calculate the greatest common divisor of 143 and 572.
143
What is the greatest common factor of 39 and 39?
39
Calculate the greatest common factor of 12 and 4404.
12
Calculate the highest common divisor of 7704 and 12.
12
What is the greatest common factor of 22 and 16324?
22
What is the greatest common factor of 110 and 410?
10
Calculate the greatest common factor of 52 and 1118.
26
What is the highest common factor of 171 and 9?
9
What is the greatest common factor of 44 and 121?
11
What is the highest common divisor of 198 and 572?
22
What is the greatest common factor of 224 and 56?
56
Calculate the highest common divisor of 44 and 15664.
44
What is the highest common divisor of 25 and 4?
1
Calculate the highest common divisor of 25 and 105.
5
Calculate the highest common divisor of 68 and 34.
34
What is the highest common divisor of 665 and 95?
95
Calculate the greatest common divisor of 6 and 146.
2
What is the highest common divisor of 216 and 264?
24
What is the highest common factor of 1048 and 655?
131
Calculate the highest common factor of 25 and 50.
25
Calculate the greatest common factor of 145 and 19285.
145
Calculate the greatest common factor of 812 and 348.
116
Calculate the greatest common factor of 16 and 448.
16
Calculate the greatest common factor of 30 and 57.
3
Calculate the highest common factor of 1995 and 42.
21
What is the highest common factor of 1312 and 41?
41
Calculate the highest common factor of 9 and 79.
1
Calculate the greatest common factor of 19000 and 80.
40
Calculate the highest common factor of 1786 and 470.
94
Calculate the greatest common factor of 126 and 300.
6
What is the greatest common factor of 51 and 272?
17
Calculate the highest common divisor of 266 and 38.
38
Calculate the highest common divisor of 2979 and 153.
9
What is the greatest common divisor of 144 and 16?
16
What is the greatest common factor of 846 and 36?
18
What is the greatest common divisor of 31 and 775?
31
Calculate the highest common factor of 1265 and 460.
115
What is the highest common factor of 2303 and 47?
47
What is the greatest common factor of 44 and 4444?
44
Calculate the greatest common factor of 2848 and 64.
32
Calculate the highest common divisor of 116 and 4.
4
Calculate the highest common factor of 4 and 2308.
4
Calculate the greatest common factor of 1829 and 775.
31
Calculate the greatest common divisor of 2285 and 10.
5
Calculate the highest common divisor of 624 and 48.
48
What is the greatest common factor of 1653 and 513?
57
What is the highest common factor of 578 and 4?
2
What is the highest common factor of 1053 and 65?
13
What is the greatest common factor of 2074 and 34?
34
Calculate the highest common factor of 143 and 26.
13
Calculate the highest common divisor of 136 and 5389.
17
What is the greatest common factor of 1562 and 213?
71
What is the highest common divisor of 810 and 18?
18
What is the greatest common factor of 1085 and 80?
5
Calculate the highest common divisor of 55 and 5126.
11
What is the greatest common divisor of 132 and 60?
12
What is the greatest common factor of 50 and 9850?
50
Calculate the highest common divisor of 32 and 40.
8
What is the highest common factor of 160 and 860?
20
What is the greatest common divisor of 122 and 33123?
61
What is the highest common factor of 176 and 848?
16
What is the greatest common factor of 45104 and 32?
16
What is the greatest common divisor of 60 and 588?
12
Calculate the highest common divisor of 12 and 2352.
12
What is the highest common factor of 2370 and 90?
30
Calculate the highest common divisor of 52 and 702.
26
What is the greatest common factor of 3363 and 285?
57
What is the highest common factor of 25 and 200?
25
Calculate the greatest common factor of 264 and 24.
24
Calculate the highest common factor of 570 and 1197.
57
What is the greatest common factor of 57 and 1881?
57
What is the greatest common divisor of 412 and 12?
4
Calculate the greatest common factor of 2900 and 70.
10
Calculate the greatest common divisor of 1216 and 95.
19
What is the highest common divisor of 9947 and 1029?
343
Calculate the highest common divisor of 552 and 138.
138
What is the highest common factor of 85 and 5?
5
What is the highest common factor of 51 and 4947?
51
Calculate the highest common divisor of 96 and 912.
48
Calculate the highest common factor of 2550 and 150.
150
Calculate the highest common factor of 8 and 5.
1
What is the greatest common divisor of 66 and 16126?
22
Calculate the greatest common factor of 7 and 203.
7
Calculate the greatest common divisor of 1013 and 3.
1
What is the highest common factor of 279 and 171?
9
Calculate the highest common divisor of 143 and 946.
11
What is the greatest common divisor of 11632 and 64?
16
Calculate the greatest common divisor of 22 and 297.
11
Calculate the highest common divisor of 100 and 10700.
100
What is the highest common divisor of 2826 and 36?
18
Calculate the highest common divisor of 3392 and 265.
53
Calculate the greatest common divisor of 4 and 7892.
4
Calculate the highest common factor of 84 and 448.
28
Calculate the highest common factor of 4018 and 98.
98
Calculate the highest common divisor of 959 and 7.
7
What is the highest common divisor of 51 and 357?
51
What is the highest common divisor of 372 and 3534?
186
What is the highest common divisor of 12353 and 11?
11
Calculate the highest common divisor of 212 and 4.
4
What is the highest common divisor of 576 and 9?
9
Calculate the highest common divisor of 3471 and 178.
89
Calculate the highest common factor of 102 and 3.
3
Calculate the greatest common factor of 1270 and 10.
10
Calculate the highest common divisor of 37 and 1665.
37
What is the greatest common factor of 85 and 325?
5
Calculate the highest common factor of 366 and 27633.
183
Calculate the greatest common factor of 768 and 36.
12
Calculate the highest common factor of 1863 and 405.
81
What is the highest common factor of 65962 and 172?
86
What is the highest common divisor of 1408 and 11?
11
What is the highest common factor of 124 and 8587?
31
What is the highest common divisor of 25 and 1525?
25
Calculate the highest common factor of 24 and 9.
3
What is the greatest common divisor of 45 and 6615?
45
What is the highest common divisor of 186 and 24?
6
Calculate the highest common factor of 60 and 96.
12
What is the greatest common divisor of 12629 and 519?
173
Calculate the highest common divisor of 261 and 45.
9
What is the greatest common factor of 10 and 1530?
10
Calculate the highest common factor of 108 and 72.
36
Calculate the highest common divisor of 610 and 1098.
122
Calculate the highest common divisor of 42 and 6.
6
What is the greatest common factor of 675 and 621?
27
Calculate the greatest common divisor of 220 and 55.
55
What is the greatest common divisor of 1007 and 53?
53
What is the greatest common factor of 37 and 27787?
37
Calculate the greatest common factor of 1842 and 6.
6
Calculate the highest common divisor of 662 and 7613.
331
Calculate the greatest common divisor of 2499 and 153.
51
Calculate the greatest common divisor of 299 and 715.
13
Calculate the greatest common factor of 3051 and 1469.
113
What is the greatest common factor of 285 and 95?
95
Calculate the highest common factor of 85 and 21760.
85
What is the highest common divisor of 380 and 300?
20
What is the highest common divisor of 34 and 51?
17
What is the greatest common divisor of 66 and 21846?
66
Calculate the highest common divisor of 265 and 145.
5
Calculate the greatest common divisor of 212 and 106.
106
What is the highest common factor of 80 and 640?
80
What is the highest common factor of 732